en 5986 is divided by 5126.
860
Calculate the remainder when 1661674 is divided by 819.
742
Calculate the remainder when 11097190 is divided by 24.
22
What is the remainder when 3231556 is divided by 148?
124
Calculate the remainder when 395881 is divided by 197622.
637
Calculate the remainder when 20827 is divided by 678.
487
What is the remainder when 55771 is divided by 75?
46
What is the remainder when 162968230 is divided by 286?
282
What is the remainder when 168712579 is divided by 7429?
7418
What is the remainder when 3432658 is divided by 3432637?
21
Calculate the remainder when 88560 is divided by 136.
24
Calculate the remainder when 63955 is divided by 6369.
265
What is the remainder when 309830543 is divided by 29?
24
Calculate the remainder when 174298 is divided by 28897.
916
What is the remainder when 3705007 is divided by 3704820?
187
What is the remainder when 310150 is divided by 51673?
112
What is the remainder when 13726256 is divided by 13726137?
119
What is the remainder when 75813 is divided by 3444?
45
Calculate the remainder when 26783 is divided by 6623.
291
What is the remainder when 19030618 is divided by 294?
292
What is the remainder when 420488741 is divided by 635?
631
Calculate the remainder when 746096 is divided by 746050.
46
Calculate the remainder when 471130 is divided by 471038.
92
Calculate the remainder when 63981363 is divided by 73.
2
Calculate the remainder when 587299 is divided by 2272.
1123
Calculate the remainder when 1274633 is divided by 47205.
98
Calculate the remainder when 1579747 is divided by 789834.
79
Calculate the remainder when 509895 is divided by 509003.
892
What is the remainder when 713836 is divided by 6207?
31
Calculate the remainder when 5502708 is divided by 46.
4
Calculate the remainder when 2169439 is divided by 2652.
103
Calculate the remainder when 59345998 is divided by 1340.
78
Calculate the remainder when 5498291 is divided by 5129.
3
Calculate the remainder when 1173171 is divided by 18922.
7
Calculate the remainder when 1860277116 is divided by 759.
753
Calculate the remainder when 6337984 is divided by 208.
16
Calculate the remainder when 27371518 is divided by 7.
6
Calculate the remainder when 415266 is divided by 506.
346
What is the remainder when 186921 is divided by 1089?
702
Calculate the remainder when 2336553 is divided by 816.
345
What is the remainder when 81360248 is divided by 146?
142
What is the remainder when 169883 is divided by 3774?
53
Calculate the remainder when 42296504 is divided by 10727.
10670
What is the remainder when 117586 is divided by 23505?
61
Calculate the remainder when 787065 is divided by 12290.
505
Calculate the remainder when 133201 is divided by 1143.
613
Calculate the remainder when 16022720 is divided by 233.
9
Calculate the remainder when 4702797 is divided by 118.
25
What is the remainder when 23087 is divided by 1297?
1038
Calculate the remainder when 907481367 is divided by 41.
36
Calculate the remainder when 27981 is divided by 1393.
121
Calculate the remainder when 70490 is divided by 46.
18
What is the remainder when 801825 is divided by 484?
321
What is the remainder when 20920801 is divided by 3777?
3775
Calculate the remainder when 581748834 is divided by 1368.
1362
What is the remainder when 89022 is divided by 2468?
174
What is the remainder when 115069333 is divided by 90?
13
What is the remainder when 3539464 is divided by 442433?
0
Calculate the remainder when 88927 is divided by 6681.
2074
What is the remainder when 208040 is divided by 401?
322
Calculate the remainder when 331130 is divided by 14392.
114
What is the remainder when 40903917 is divided by 261?
258
What is the remainder when 448345 is divided by 2085?
70
Calculate the remainder when 44275746 is divided by 46362.
36
What is the remainder when 2798389 is divided by 25911?
1
Calculate the remainder when 12016127 is divided by 16.
15
What is the remainder when 1918662 is divided by 25245?
42
What is the remainder when 1803641 is divided by 2389?
2335
Calculate the remainder when 252509 is divided by 378.
5
Calculate the remainder when 48032934 is divided by 1763.
1762
What is the remainder when 6269739 is divided by 2016?
1995
Calculate the remainder when 12880281 is divided by 3312.
3225
What is the remainder when 2989212 is divided by 24499?
334
Calculate the remainder when 4539799 is divided by 4.
3
What is the remainder when 48001364 is divided by 23?
19
What is the remainder when 11605360 is divided by 459?
4
What is the remainder when 428297 is divided by 15135?
4517
Calculate the remainder when 16119 is divided by 2890.
1669
What is the remainder when 8228896 is divided by 873?
871
What is the remainder when 835279 is divided by 788?
787
What is the remainder when 7962732 is divided by 14611?
14348
Calculate the remainder when 12746480 is divided by 593.
538
Calculate the remainder when 899056 is divided by 179793.
91
What is the remainder when 8502922 is divided by 630?
442
Calculate the remainder when 241571 is divided by 95.
81
What is the remainder when 11758558 is divided by 131?
129
Calculate the remainder when 60851 is divided by 18216.
6203
Calculate the remainder when 2171063 is divided by 1564.
231
Calculate the remainder when 15178535 is divided by 2709.
8
What is the remainder when 26515 is divided by 24801?
1714
What is the remainder when 3005909 is divided by 253?
16
What is the remainder when 422763 is divided by 1147?
667
What is the remainder when 1346430 is divided by 673165?
100
What is the remainder when 3920822 is divided by 9269?
35
Calculate the remainder when 5464 is divided by 372.
256
What is the remainder when 132936 is divided by 2989?
1420
Calculate the remainder when 2621353 is divided by 1936.
9
What is the remainder when 9287295 is divided by 618?
609
What is the remainder when 8493948 is divided by 501?
495
What is the remainder when 7412037 is divided by 12?
9
Calculate the remainder when 60577 is divided by 922.
647
Calculate the remainder when 320049 is divided by 183.
165
Calculate the remainder when 370311633 is divided by 318.
315
What is the remainder when 727164552 is divided by 15?
12
Calculate the remainder when 2678496 is divided by 190.
66
Calculate the remainder when 146022 is divided by 14554.
482
What is the remainder when 41220 is divided by 1250?
1220
Calculate the remainder when 10927074 is divided by 4636.
22
What is the remainder when 861269 is divided by 287070?
59
Calculate the remainder when 2174203 is divided by 543404.
587
Calculate the remainder when 242478 is divided by 5778.
5580
Calculate the remainder when 288500 is divided by 16968.
44
Calculate the remainder when 889322 is divided by 22233.
2
What is the remainder when 5356854 is divided by 8?
6
Calculate the remainder when 297418876 is divided by 2187.
2185
Calculate the remainder when 228494 is divided by 198.
2
Calculate the remainder when 1293134 is divided by 14863.
53
Calculate the remainder when 93870 is divided by 165.
150
What is the remainder when 232136 is divided by 101?
38
Calculate the remainder when 120303 is divided by 7497.
351
What is the remainder when 1031685 is divided by 103162?
65
What is the remainder when 3229972 is divided by 8996?
408
What is the remainder when 4620730 is divided by 1154869?
1254
What is the remainder when 483391 is divided by 187?
183
What is the remainder when 6017534 is divided by 182349?
17
What is the remainder when 84676050 is divided by 336016?
18
Calculate the remainder when 7016420 is divided by 2523.
2480
What is the remainder when 287191 is divided by 160?
151
Calculate the remainder when 1320733 is divided by 10230.
1063
Calculate the remainder when 118575833 is divided by 149.
143
Calculate the remainder when 2012211 is divided by 1096.
1051
What is the remainder when 2039510 is divided by 1994?
1642
Calculate the remainder when 65411598 is divided by 292016.
14
What is the remainder when 3332430 is divided by 3258?
2754
What is the remainder when 1260968 is divided by 141?
5
What is the remainder when 158559 is divided by 981?
618
Calculate the remainder when 300198733 is divided by 14.
9
Calculate the remainder when 14467257 is divided by 492.
489
Calculate the remaind